{"id":6263,"date":"2016-04-25T16:59:36","date_gmt":"2016-04-25T16:59:36","guid":{"rendered":"http:\/\/lasalle.edu.do\/portal\/?page_id=6263"},"modified":"2016-05-07T02:02:28","modified_gmt":"2016-05-07T02:02:28","slug":"educacion-media","status":"publish","type":"page","link":"https:\/\/www.lasalle.edu.do\/portal\/educacion-media\/","title":{"rendered":"Educaci\u00f3n Media"},"content":{"rendered":"<p>El nivel Medio\u00a0est\u00e1 conformado por cuatro grados:<\/p>\n<div class=\"su-list\" style=\"margin-left:0px\">\n<ul>\n<li><i class=\"sui sui-star\" style=\"color:#333\"><\/i> Primero de Media<\/li>\n<li><i class=\"sui sui-star\" style=\"color:#333\"><\/i> Segundo de Media<\/li>\n<li><i class=\"sui sui-star\" style=\"color:#333\"><\/i> Tercero de Media<\/li>\n<li><i class=\"sui sui-star\" style=\"color:#333\"><\/i> Cuarto de Media<\/li>\n<\/ul>\n<\/div>\n<blockquote><p>Misi\u00f3n Educativa<\/p><\/blockquote>\n<p>Ser fiel al carisma lasallista radica en responder a los desaf\u00edos que el contexto nos plantea<\/p>\n<div class=\"su-list\" style=\"margin-left:0px\">\n<ul>\n<li><i class=\"sui sui-star\" style=\"color:#333\"><\/i> El desarrollo humano sostenible.<\/li>\n<li><i class=\"sui sui-star\" style=\"color:#333\"><\/i> Una sociedad m\u00e1s justa y digna para todos y todas.<\/li>\n<li><i class=\"sui sui-star\" style=\"color:#333\"><\/i> Entendimiento entre los pueblos y las culturas.<\/li>\n<li><i class=\"sui sui-star\" style=\"color:#333\"><\/i> Participaci\u00f3n en la vida en comunidad.<\/li>\n<\/ul>\n<\/div>\n<p><em><strong>Referentes:<\/strong><\/em> las caracter\u00edsticas de los j\u00f3venes de hoy y de este pa\u00eds, el Curriculum Nacional, el Modelo Educativo Lasallista para el Distrito Antillas M\u00e9xico\/ Sur, el Curriculum De La Salle, la realidad dominicana y global.<\/p>\n<p><em><strong>El compromiso:<\/strong><\/em> que consiste en traducir estos desaf\u00edos en el perfil del alumno\/a lasallista, y en el perfil del docente, en un estilo de trabajo pedag\u00f3gico y de acompa\u00f1amiento tanto al alumno como al docente.<\/p>\n<blockquote><p><strong>Objetivo<\/strong> <strong>General<\/strong><\/p><\/blockquote>\n<p>Profundizar un proyecto educativo que apunte a la formaci\u00f3n integral del alumno y alumna que cursa el Nivel Medio en el Colegio Dominicano De La Salle.<\/p>\n<div class=\"su-quote su-quote-style-default su-quote-has-cite\"><div class=\"su-quote-inner su-u-clearfix su-u-trim\">Vivimos en una sociedad de aprendizaje continuo. Por eso apuntamos a una escuela que pueda acercarse a cada alumno\/ alumna y ayudarlo a desarrollar sus capacidades, ofrecerles herramientas para buscar, seleccionar, organizar, interpretar y dar sentido a la informaci\u00f3n que la sociedad pone en sus manos.<span class=\"su-quote-cite\">Colegio Dominicano De La Salle<\/span><\/div><\/div>\n<blockquote><p><strong>L\u00edneas orientadoras para el a\u00f1o escolar en el Nivel<\/strong><\/p><\/blockquote>\n<div class=\"su-list\" style=\"margin-left:0px\">\n<ul>\n<li><i class=\"sui sui-star\" style=\"color:#333\"><\/i> Acompa\u00f1amiento del proceso de formaci\u00f3n de sus hijos e hijas, con especial atenci\u00f3n a aquellos que m\u00e1s lo necesiten, para lograr los prop\u00f3sitos planteados, desde un esp\u00edritu de Fe y en b\u00fasqueda constante.<\/li>\n<li><i class=\"sui sui-star\" style=\"color:#333\"><\/i> Una planificaci\u00f3n pedag\u00f3gica que parte de la realidad y del perfil del joven que tenemos en las aulas, a las inteligencias m\u00faltiples y a la diversidad de \u00e1reas del curriculum, promoviendo un trabajo integral y articulado entre ellas para que la b\u00fasqueda, el trabajo de cada d\u00eda tenga sentido, es decir para que el aprendizaje sea significativo.<\/li>\n<li><i class=\"sui sui-star\" style=\"color:#333\"><\/i> \u00a0Participaci\u00f3n en comunidad, seg\u00fan normas de convivencia establecidas. Garantizando derechos y cumpliendo cada uno con sus deberes.<\/li>\n<li><i class=\"sui sui-star\" style=\"color:#333\"><\/i> \u201c<strong>Que la escuela marche bien<\/strong>\u201d y que se viva el tiempo de la escuela con profunda alegr\u00eda y esp\u00edritu de comunidad.<\/li>\n<\/ul>\n<\/div>\n<blockquote><p><strong>Lo que ofrece el Centro Educativo para que el Nivel logre lo que se plantea<\/strong><\/p><\/blockquote>\n<div class=\"su-list\" style=\"margin-left:0px\">\n<ul>\n<li><i class=\"sui sui-star\" style=\"color:#333\"><\/i> Un desarrollo curricular planificado cuidadosamente, que toma en cuenta el curriculum nacional, la pedagog\u00eda lasallista y las necesidades de los alumnos.<\/li>\n<li><i class=\"sui sui-star\" style=\"color:#333\"><\/i> Un equipo de profesionales de la educaci\u00f3n, especializado en \u00e1reas espec\u00edficas. Trabajando de manera colaborativa y con una considerable estabilidad.<\/li>\n<li><i class=\"sui sui-star\" style=\"color:#333\"><\/i> Una participaci\u00f3n organizada del estudiantado en las diversas iniciativas que se desarrollan en el Proyecto educativo.<\/li>\n<li><i class=\"sui sui-star\" style=\"color:#333\"><\/i> Un ambiente favorable y seguro para el aprendizaje de sus hijos e hijas.<\/li>\n<li><i class=\"sui sui-star\" style=\"color:#333\"><\/i> Un equipo acad\u00e9mico y directivo que procura la inclusi\u00f3n de todos y todas, que anima la participaci\u00f3n y la colegialidad entre todos los integrantes de\u00a0la comunidad educativa, en un marco de armon\u00eda y respeto.<\/li>\n<\/ul>\n<\/div>\n<blockquote><p><strong>Para hacer realidad las l\u00edneas orientadoras a nivel curricular, el Nivel Medio prioriza<\/strong><\/p><\/blockquote>\n<div class=\"su-list\" style=\"margin-left:0px\">\n<ul>\n<li><i class=\"sui sui-star\" style=\"color:#333\"><\/i> El proyecto Educativo de cada Grado.<\/li>\n<li><i class=\"sui sui-star\" style=\"color:#333\"><\/i> \u00a0La identidad lasallista y nacional.<\/li>\n<li><i class=\"sui sui-star\" style=\"color:#333\"><\/i> La capacidad de producir, crear y expresarse.<\/li>\n<li><i class=\"sui sui-star\" style=\"color:#333\"><\/i> El aprendizaje de lenguas extranjeras.<\/li>\n<li><i class=\"sui sui-star\" style=\"color:#333\"><\/i> Las diferentes opciones del Proyecto Pastoral (Catequesis sabatina, <a href=\"http:\/\/lasalle.edu.do\/portal\/fraternidad-misionera-lasallista\/\">Fraternidad Misionera Lasallista<\/a>).<\/li>\n<li><i class=\"sui sui-star\" style=\"color:#333\"><\/i> La Educaci\u00f3n F\u00edsica y las disciplinas deportivas.<\/li>\n<li><i class=\"sui sui-star\" style=\"color:#333\"><\/i> La b\u00fasqueda de respuestas desde los j\u00f3venes a los grandes problemas que vive la humanidad (Modelo Lasallista de las Naciones Unidas).<\/li>\n<li><i class=\"sui sui-star\" style=\"color:#333\"><\/i> Formaci\u00f3n de un liderazgo fundamentado en valores, con sentido de pertenencia y criticidad (Animadores Pastoral, delegados de Aula, Deportistas destacados, Artistas).<\/li>\n<\/ul>\n<\/div>\n<blockquote><p><strong>Organizaci\u00f3n del Nivel Medio en el Sistema Educativo Dominicano<\/strong><\/p><\/blockquote>\n<div class=\"su-list\" style=\"margin-left:0px\">\n<ul>\n<li><i class=\"sui sui-star\" style=\"color:#333\"><\/i> El desarrollo del proyecto acad\u00e9mico es semestral.<\/li>\n<li><i class=\"sui sui-star\" style=\"color:#333\"><\/i> Sistema de evaluaci\u00f3n es terminal por semestre.<\/li>\n<li><i class=\"sui sui-star\" style=\"color:#333\"><\/i> Promedio m\u00ednimo de promoci\u00f3n es 70 puntos.<\/li>\n<li><i class=\"sui sui-star\" style=\"color:#333\"><\/i> Opciones de ex\u00e1menes completivos y extraordinario.<\/li>\n<li><i class=\"sui sui-star\" style=\"color:#333\"><\/i> <em><strong>Es normativa de la escuela no aceptar estudiantes al curso siguiente con asignaturas pendientes.<\/strong><\/em><\/li>\n<li><i class=\"sui sui-star\" style=\"color:#333\"><\/i> El acumulado para determinar los premios de finalizaci\u00f3n del Nivel Medio, comienza en el primer grado del Nivel Medio (B1), particularmente los premios acad\u00e9micos.<\/li>\n<li><i class=\"sui sui-star\" style=\"color:#333\"><\/i> \u00a0<strong><em>El derecho a Graduaci\u00f3n se pierde si el estudiante lleva dos asignaturas o m\u00e1s a examen extraordinario en cuarto a\u00f1o del Nivel Medio.<\/em><\/strong><\/li>\n<li><i class=\"sui sui-star\" style=\"color:#333\"><\/i> Al finalizar el Nivel Medio hay que participar en Pruebas Nacionales.<\/li>\n<li><i class=\"sui sui-star\" style=\"color:#333\"><\/i> Cuando hay asignaturas pendientes del primer semestre o del segundo, no hay posibilidad de participar en la primera convocatoria.<\/li>\n<\/ul>\n<\/div>\n<blockquote><p><strong>Colaboraci\u00f3n de las familias<\/strong><\/p><\/blockquote>\n<p>De los padres y madres se espera:<\/p>\n<p>Confianza, acompa\u00f1amiento, vigilancia educativa como propone De La Salle, comunicaci\u00f3n sistem\u00e1tica sobre comportamientos y manifestaciones de sus hijos e hijas, sobre lo que pasa con ellos y ellas en el Centro Educativo y en la familia. Que faciliten el cumplimiento de las normas del Colegio. En fin, coherencia con las acciones y <a href=\"http:\/\/lasalle.edu.do\/portal\/mision-vision-y-valores\/\">valores que se promueven en el Centro<\/a>.<\/p>\n<p>&nbsp;<\/p>\n","protected":false},"excerpt":{"rendered":"<p>El nivel Medio\u00a0est\u00e1 conformado por cuatro grados: Misi\u00f3n Educativa Ser fiel al carisma lasallista radica en responder a los desaf\u00edos que el contexto nos plantea Referentes: las caracter\u00edsticas de los j\u00f3venes de hoy y de este pa\u00eds, el Curriculum Nacional, el Modelo Educativo Lasallista para el Distrito Antillas M\u00e9xico\/ Sur, el Curriculum De La Salle, [&hellip;]<\/p>\n","protected":false},"author":4,"featured_media":0,"parent":0,"menu_order":0,"comment_status":"closed","ping_status":"closed","template":"","meta":{"footnotes":""},"class_list":["post-6263","page","type-page","status-publish","hentry"],"_links":{"self":[{"href":"https:\/\/www.lasalle.edu.do\/portal\/wp-json\/wp\/v2\/pages\/6263","targetHints":{"allow":["GET"]}}],"collection":[{"href":"https:\/\/www.lasalle.edu.do\/portal\/wp-json\/wp\/v2\/pages"}],"about":[{"href":"https:\/\/www.lasalle.edu.do\/portal\/wp-json\/wp\/v2\/types\/page"}],"author":[{"embeddable":true,"href":"https:\/\/www.lasalle.edu.do\/portal\/wp-json\/wp\/v2\/users\/4"}],"replies":[{"embeddable":true,"href":"https:\/\/www.lasalle.edu.do\/portal\/wp-json\/wp\/v2\/comments?post=6263"}],"version-history":[{"count":4,"href":"https:\/\/www.lasalle.edu.do\/portal\/wp-json\/wp\/v2\/pages\/6263\/revisions"}],"predecessor-version":[{"id":6501,"href":"https:\/\/www.lasalle.edu.do\/portal\/wp-json\/wp\/v2\/pages\/6263\/revisions\/6501"}],"wp:attachment":[{"href":"https:\/\/www.lasalle.edu.do\/portal\/wp-json\/wp\/v2\/media?parent=6263"}],"curies":[{"name":"wp","href":"https:\/\/api.w.org\/{rel}","templated":true}]}}