{"id":5823,"date":"2016-02-22T05:13:31","date_gmt":"2016-02-22T05:13:31","guid":{"rendered":"http:\/\/localhost:8080\/lasalle\/?page_id=5823"},"modified":"2016-05-06T15:12:19","modified_gmt":"2016-05-06T15:12:19","slug":"la-salle-en-el-mundo","status":"publish","type":"page","link":"https:\/\/www.lasalle.edu.do\/portal\/la-salle-en-el-mundo\/","title":{"rendered":"La Salle en el mundo"},"content":{"rendered":"<blockquote><p>\u00bfD\u00f3nde estamos?<\/p><\/blockquote>\n<p>Los Hermanos de las Escuelas Cristianas &#8211; La Salle (o <strong>Hermanos de La Salle<\/strong>) con la asistencia de m\u00e1s de 100.000 colaboradores laicos, ense\u00f1an m\u00e1s de 1.000.000 estudiantes en 80 pa\u00edses.<\/p>\n<p><a href=\"http:\/\/www.lasalle.org\/\"><img loading=\"lazy\" decoding=\"async\" class=\"wp-image-6406 size-full aligncenter\" src=\"http:\/\/lasalle.edu.do\/portal\/wp-content\/uploads\/2016\/02\/la_salle_enelmundo.png\" alt=\"la_salle_enelmundo\" width=\"800\" height=\"464\" srcset=\"https:\/\/www.lasalle.edu.do\/portal\/wp-content\/uploads\/2016\/02\/la_salle_enelmundo.png 800w, https:\/\/www.lasalle.edu.do\/portal\/wp-content\/uploads\/2016\/02\/la_salle_enelmundo-300x174.png 300w, https:\/\/www.lasalle.edu.do\/portal\/wp-content\/uploads\/2016\/02\/la_salle_enelmundo-768x445.png 768w, https:\/\/www.lasalle.edu.do\/portal\/wp-content\/uploads\/2016\/02\/la_salle_enelmundo-700x406.png 700w\" sizes=\"auto, (max-width: 800px) 100vw, 800px\" \/><\/a><br \/>\n<strong>Africa<br \/>\n<a title=\"Africa (RELAF)\" href=\"http:\/\/www.lasalle.org\/en\/where-we-are\/generalate-2\/?page_id=523\">RELAF \u2013 R\u00e9gion Lasallienne Africano-Malgache<\/a><br \/>\n<\/strong>B\u00e9nin \u2013 Burkina Faso \u2013 Cameroun \u2013 C\u00f4te d\u2019Ivoire \u2013 \u00c9gypte \u2013 Eritrea \u2013 Ethiopia \u2013 Guin\u00e9e \u2013 Guinea Ecuatorial \u2013 Kenya \u2013 La R\u00e9union \u2013 Madagascar \u2013 Mo\u00e7ambique \u2013 Niger \u2013 Nigeria \u2013 R\u00e9p D\u00e9mocratique du Congo \u2013 Rwanda \u2013 Soudan \u2013 Soud Soudan \u2013 South Africa \u2013 Tchad \u2013 Togo<\/p>\n<p><strong>Am\u00e9rica del Norte<br \/>\n<\/strong><strong><a href=\"http:\/\/www.lasalle.org\/en\/where-we-are\/north-americausatoronto\/\">RELAN \u2013 Region Lasaliana\u00a0<strong>Am\u00e9rica del Norte<br \/>\n<\/strong><\/a><\/strong>Canada \u2013 United States of America<\/p>\n<p><strong>Latin America<br \/>\n<a title=\"Am\u00e9rica Latina (RELAL)\" href=\"http:\/\/www.lasalle.org\/?page_id=4429&amp;page_id=525&amp;page_id=527\">RELAL \u2013 Region Latinoamericana\u00a0Lasallista<\/a><\/strong><br \/>\nArgentina \u2013 Bolivia \u2013 Brasil \u2013 Chile \u2013 Colombia (Bogot\u00e1 \u2013 Medell\u00edn) \u2013 Costa Rica \u2013 Cuba \u2013 Ecuador \u2013 Guatemala \u2013 Ha\u00efti \u2013 Honduras \u2013 M\u00e9xico (Norte \u2013 Sur) \u2013 Nicaragua \u2013 Panam\u00e1 \u2013 Paraguay \u2013 Per\u00fa \u2013 Puerto Rico \u2013 Republica Dominicana \u2013 Venenezuela<\/p>\n<p><strong>Asia and Ocean\u00eda<br \/>\n<a title=\"Asia and Oceania(PARC)\" href=\"http:\/\/www.lasalle.org\/?page_id=4429&amp;page_id=4311&amp;page_id=4962&amp;page_id=529\">PARC \u2013 Pacific-Asia Regional Conference<\/a><\/strong><br \/>\nAustralia- China \u2013 India \u2013 Indonesia \u2013 Japan \u2013 Malaysia \u2013 Myanmar \u2013 New Zealand \u2013 Pakistan \u2013 Papua-New Guinea \u2013 Philippines \u2013 Sri Lanka\u00a0\u2013\u00a0Singapore \u2013 Thailand \u2013 Vietnam<\/p>\n<p><strong>Europa &#8211; Mediterraneo<br \/>\n<\/strong><strong><a title=\"Europa-Mediterraneo (RELEM)\" href=\"http:\/\/www.lasalle.org\/?page_id=4776&amp;page_id=521\">RELEM \u2013 R\u00e9gion Lasallienne Europ\u00e9enne-Mediterran\u00e9enne<\/a><\/strong><br \/>\nAllemagne \u2013 Autriche \u2013 Belgique (Norte \u2013 Sud) \u2013 Espa\u00f1a \u2013 France \u2013 England \u2013 Gr\u00e8ce \u2013 Hongrie \u2013 Ireland \u2013 Isra\u00ebl \u2013 Italia \u2013 Jordanie \u2013 Liban \u2013 Malta \u2013 Pays-Bas \u2013 Palestine \u2013 Pologne \u2013 Portugal \u2013 Roumanie \u2013 Scotland \u2013 Slovakia \u2013 Suisse \u2013 Turquie<\/p>\n","protected":false},"excerpt":{"rendered":"<p>\u00bfD\u00f3nde estamos? Los Hermanos de las Escuelas Cristianas &#8211; La Salle (o Hermanos de La Salle) con la asistencia de m\u00e1s de 100.000 colaboradores laicos, ense\u00f1an m\u00e1s de 1.000.000 estudiantes en 80 pa\u00edses. Africa RELAF \u2013 R\u00e9gion Lasallienne Africano-Malgache B\u00e9nin \u2013 Burkina Faso \u2013 Cameroun \u2013 C\u00f4te d\u2019Ivoire \u2013 \u00c9gypte \u2013 Eritrea \u2013 Ethiopia \u2013 [&hellip;]<\/p>\n","protected":false},"author":4,"featured_media":0,"parent":0,"menu_order":0,"comment_status":"closed","ping_status":"closed","template":"","meta":{"footnotes":""},"class_list":["post-5823","page","type-page","status-publish","hentry"],"_links":{"self":[{"href":"https:\/\/www.lasalle.edu.do\/portal\/wp-json\/wp\/v2\/pages\/5823","targetHints":{"allow":["GET"]}}],"collection":[{"href":"https:\/\/www.lasalle.edu.do\/portal\/wp-json\/wp\/v2\/pages"}],"about":[{"href":"https:\/\/www.lasalle.edu.do\/portal\/wp-json\/wp\/v2\/types\/page"}],"author":[{"embeddable":true,"href":"https:\/\/www.lasalle.edu.do\/portal\/wp-json\/wp\/v2\/users\/4"}],"replies":[{"embeddable":true,"href":"https:\/\/www.lasalle.edu.do\/portal\/wp-json\/wp\/v2\/comments?post=5823"}],"version-history":[{"count":7,"href":"https:\/\/www.lasalle.edu.do\/portal\/wp-json\/wp\/v2\/pages\/5823\/revisions"}],"predecessor-version":[{"id":6412,"href":"https:\/\/www.lasalle.edu.do\/portal\/wp-json\/wp\/v2\/pages\/5823\/revisions\/6412"}],"wp:attachment":[{"href":"https:\/\/www.lasalle.edu.do\/portal\/wp-json\/wp\/v2\/media?parent=5823"}],"curies":[{"name":"wp","href":"https:\/\/api.w.org\/{rel}","templated":true}]}}